{"id":220,"date":"2024-12-20T17:48:26","date_gmt":"2024-12-20T16:48:26","guid":{"rendered":"http:\/\/riadabadi.com\/?page_id=220"},"modified":"2025-01-15T15:55:46","modified_gmt":"2025-01-15T14:55:46","slug":"accueil","status":"publish","type":"page","link":"https:\/\/riadabadi.com\/","title":{"rendered":"Accueil"},"content":{"rendered":"<div class=\"wp-block-image\">\r\n<figure class=\"aligncenter size-full is-resized\"><img loading=\"lazy\" decoding=\"async\" width=\"1017\" height=\"960\" class=\"wp-image-236\" style=\"width: 280px; height: auto;\" src=\"https:\/\/riadabadi.com\/wp-content\/uploads\/2024\/12\/logo-Abadi-noir-et-blanc.png\" alt=\"\" srcset=\"https:\/\/riadabadi.com\/wp-content\/uploads\/2024\/12\/logo-Abadi-noir-et-blanc.png 1017w, https:\/\/riadabadi.com\/wp-content\/uploads\/2024\/12\/logo-Abadi-noir-et-blanc-300x283.png 300w, https:\/\/riadabadi.com\/wp-content\/uploads\/2024\/12\/logo-Abadi-noir-et-blanc-768x725.png 768w, https:\/\/riadabadi.com\/wp-content\/uploads\/2024\/12\/logo-Abadi-noir-et-blanc-358x338.png 358w\" sizes=\"auto, (max-width: 1017px) 100vw, 1017px\" \/><\/figure>\r\n<\/div>\r\n\r\n\r\n<p class=\"has-text-align-center wp-block-paragraph\"><strong>Un Riad authentique reserv\u00e9 juste pour vous !<\/strong><br \/><em><strong>Vivez l\u2019exp\u00e9rience de la m\u00e9dina de F\u00e8s<\/strong><\/em><\/p>\r\n\r\n\r\n<div class=\"wp-block-image\">\r\n<figure id=\"wp-block-themeisle-blocks-image-77dac639\" class=\"aligncenter size-full\"><img loading=\"lazy\" decoding=\"async\" width=\"693\" height=\"584\" class=\"wp-image-362\" src=\"https:\/\/riadabadi.com\/wp-content\/uploads\/2025\/01\/1734295263887-1.jpg\" alt=\"\" srcset=\"https:\/\/riadabadi.com\/wp-content\/uploads\/2025\/01\/1734295263887-1.jpg 693w, https:\/\/riadabadi.com\/wp-content\/uploads\/2025\/01\/1734295263887-1-300x253.jpg 300w, https:\/\/riadabadi.com\/wp-content\/uploads\/2025\/01\/1734295263887-1-415x350.jpg 415w\" sizes=\"auto, (max-width: 693px) 100vw, 693px\" \/><\/figure>\r\n<\/div>\r\n\r\n\r\n<p class=\"wp-block-paragraph\">&nbsp;<\/p>\r\n<p class=\"has-text-align-center\" style=\"text-align: justify;\">D\u00e9couvrez notre riad de 500 ans, r\u00e9nov\u00e9 avec soin pour allier authenticit\u00e9 et confort moderne, au c\u0153ur de la m\u00e9dina de F\u00e8s. Unique en son genre, il se dresse tel une tour, offrant une luminosit\u00e9 rare et de superbes jeux de lumi\u00e8re gr\u00e2ce \u00e0 ses nombreuses fen\u00eatres.<\/p>\r\n\r\n\r\n\r\n<p class=\"has-text-align-center wp-block-paragraph\" style=\"text-align: justify;\">Au rez-de-chauss\u00e9e, profitez d\u2019un patio avec fontaine, un salon TV avec chemin\u00e9e, une cuisine et un salon de lecture convivial. \u00c0 l\u2019\u00e9tage, trois chambres sont d\u00e9servies par une coursive voil\u00e9e, ajoutant charme et intimit\u00e9. Une des chambres dispose de sa propre salle de bain en tadelakt noir, les 2 autres se partagent une salle de bain en tadelakt beige. A l\u2019entresol, une quatri\u00e8me chambre en suite b\u00e9n\u00e9ficie d\u2019une salle de bain magnifiquement d\u00e9cor\u00e9e de zelliges.<\/p>\r\n\r\n\r\n\r\n<p class=\"has-text-align-center wp-block-paragraph\" style=\"text-align: justify;\">La terrasse vous s\u00e9duira avec son solarium, sa douche et une vue imprenable sur la m\u00e9dina et les tombeaux des M\u00e9r\u00e9nides, id\u00e9ale pour un bain de soleil en toute intimit\u00e9. Un salon avec chemin\u00e9e et une cuisine d\u2019\u00e9t\u00e9 compl\u00e8tent cet espace unique.<\/p>\r\n\r\n\r\n\r\n<p class=\"has-text-align-center wp-block-paragraph\" style=\"text-align: justify;\">Notre \u00e9quipe veille \u00e0 votre confort quotidien : petit-d\u00e9jeuner traditionnel pr\u00e9par\u00e9 sur place, conseils d\u2019excursions, et dispense de bons plans sur demande. Un d\u00eener sur-mesure peut \u00eatre servi \u00e0 la terrasse ou dans le patio pour clore vos journ\u00e9es de d\u00e9couverte. Bon s\u00e9jour chez nous !<\/p>\r\n\r\n\r\n<style type=\"text\/css\">\n#foogallery-gallery-274.fg-simple_portfolio { justify-content: center; --fg-gutter: 5px; }\n#foogallery-gallery-274.fg-simple_portfolio .fg-item { flex-basis: 250px; }<\/style>\n\t\t\t<div class=\"foogallery foogallery-container foogallery-simple_portfolio foogallery-lightbox-none fg-simple_portfolio fg-ready fg-light fg-border-thin fg-shadow-outline fg-loading-default fg-loaded-fade-in fg-c-j fg-caption-always\" id=\"foogallery-gallery-274\" data-foogallery=\"{&quot;item&quot;:{&quot;showCaptionTitle&quot;:true,&quot;showCaptionDescription&quot;:true},&quot;lazy&quot;:true}\" style=\"--fg-title-line-clamp: 0; --fg-description-line-clamp: 0;\" >\n\t<div class=\"fg-item fg-type-image fg-idle\"><figure class=\"fg-item-inner\"><a data-caption-title=\"Riad en totale exclusivit\u00e9\" data-caption-desc=\"Notre Riad vous est compl\u00e8tement r\u00e9serv\u00e9, pas d\u2019autre h\u00f4te que vous ! Il pr\u00e9sente 4 chambres et donc nous pouvons vous accueillir dans d\u2019excellentes conditions jusqu\u2019\u00e0 8 personnes.\" data-attachment-id=\"275\" class=\"foogallery-thumb fg-thumb\" data-type=\"image\"><span class=\"fg-image-wrap\"><img fetchpriority=\"high\" decoding=\"async\" title=\"Riad en totale exclusivit\u00e9\" class=\"bf-img skip-lazy fg-image\" height=\"200\" width=\"250\" data-src-fg=\"https:\/\/riadabadi.com\/wp-content\/uploads\/cache\/2024\/12\/cle\/319544353.jpg\" src=\"data:image\/svg+xml,%3Csvg%20xmlns%3D%22http%3A%2F%2Fwww.w3.org%2F2000%2Fsvg%22%20width%3D%22250%22%20height%3D%22200%22%20viewBox%3D%220%200%20250%20200%22%3E%3C%2Fsvg%3E\" loading=\"eager\"><\/span><span class=\"fg-image-overlay\"><\/span><\/a><figcaption class=\"fg-caption\"><div class=\"fg-caption-inner\"><div class=\"fg-caption-title\">Riad en totale exclusivit\u00e9<\/div><div class=\"fg-caption-desc\">Notre Riad vous est compl\u00e8tement r\u00e9serv\u00e9, pas d\u2019autre h\u00f4te que vous ! Il pr\u00e9sente 4 chambres et donc nous pouvons vous accueillir dans d\u2019excellentes conditions jusqu\u2019\u00e0 8 personnes.<\/div><\/div><\/figcaption><\/figure><div class=\"fg-loader\"><\/div><\/div><div class=\"fg-item fg-type-image fg-idle\"><figure class=\"fg-item-inner\"><a data-caption-title=\"Au coeur d\u2019une m\u00e9dina m\u00e9di\u00e9vale\" data-caption-desc=\"La vieille ville de F\u00e8s, fond\u00e9e au IXe si\u00e8cle, est le plus grand environnement urbain sans voitures au monde. Elle a conserv\u00e9 son statut de capitale culturelle et spirituelle du pays. Vous y trouverez de l\u2019artisanat typique de grande qualit\u00e9 et des m\u00e9tiers fascinants et des monuments charg\u00e9s d\u2019histoire.\" data-attachment-id=\"255\" class=\"foogallery-thumb fg-thumb\" data-type=\"image\"><span class=\"fg-image-wrap\"><img decoding=\"async\" title=\"Au coeur d\u2019une m\u00e9dina m\u00e9di\u00e9vale\" class=\"bf-img skip-lazy fg-image\" height=\"200\" width=\"250\" data-src-fg=\"https:\/\/riadabadi.com\/wp-content\/uploads\/cache\/2024\/12\/IMG_20240825_103005-scaled\/2789863910.jpg\" src=\"data:image\/svg+xml,%3Csvg%20xmlns%3D%22http%3A%2F%2Fwww.w3.org%2F2000%2Fsvg%22%20width%3D%22250%22%20height%3D%22200%22%20viewBox%3D%220%200%20250%20200%22%3E%3C%2Fsvg%3E\" loading=\"eager\"><\/span><span class=\"fg-image-overlay\"><\/span><\/a><figcaption class=\"fg-caption\"><div class=\"fg-caption-inner\"><div class=\"fg-caption-title\">Au coeur d\u2019une m\u00e9dina m\u00e9di\u00e9vale<\/div><div class=\"fg-caption-desc\">La vieille ville de F\u00e8s, fond\u00e9e au IXe si\u00e8cle, est le plus grand environnement urbain sans voitures au monde. Elle a conserv\u00e9 son statut de capitale culturelle et spirituelle du pays. Vous y trouverez de l\u2019artisanat typique de grande qualit\u00e9 et des m\u00e9tiers fascinants et des monuments charg\u00e9s d\u2019histoire.<\/div><\/div><\/figcaption><\/figure><div class=\"fg-loader\"><\/div><\/div><div class=\"fg-item fg-type-image fg-idle\"><figure class=\"fg-item-inner\"><a data-caption-title=\"Charme de l\u2019authenticit\u00e9\" data-caption-desc=\"Bien que le Riad Abadi soit vieux de 500 ans, il a \u00e9t\u00e9 r\u00e9nov\u00e9 au fil des si\u00e8cles pour s\u2019adapter aux standards de confort de l\u2019\u00e9poque tout en conservant les \u00e9l\u00e9ments traditionnels qui en font un joyaux de l\u2019artisanat marocain : zelliges, tadelakt, fontaine, portes d\u00e9cor\u00e9es en bois massif, stucs sculpt\u00e9s\u2026\" data-attachment-id=\"276\" class=\"foogallery-thumb fg-thumb\" data-type=\"image\"><span class=\"fg-image-wrap\"><img decoding=\"async\" title=\"Charme de l\u2019authenticit\u00e9\" class=\"bf-img skip-lazy fg-image\" height=\"200\" width=\"250\" data-src-fg=\"https:\/\/riadabadi.com\/wp-content\/uploads\/cache\/2024\/12\/8a\/2840797983.jpg\" src=\"data:image\/svg+xml,%3Csvg%20xmlns%3D%22http%3A%2F%2Fwww.w3.org%2F2000%2Fsvg%22%20width%3D%22250%22%20height%3D%22200%22%20viewBox%3D%220%200%20250%20200%22%3E%3C%2Fsvg%3E\" loading=\"eager\"><\/span><span class=\"fg-image-overlay\"><\/span><\/a><figcaption class=\"fg-caption\"><div class=\"fg-caption-inner\"><div class=\"fg-caption-title\">Charme de l\u2019authenticit\u00e9<\/div><div class=\"fg-caption-desc\">Bien que le Riad Abadi soit vieux de 500 ans, il a \u00e9t\u00e9 r\u00e9nov\u00e9 au fil des si\u00e8cles pour s\u2019adapter aux standards de confort de l\u2019\u00e9poque tout en conservant les \u00e9l\u00e9ments traditionnels qui en font un joyaux de l\u2019artisanat marocain : zelliges, tadelakt, fontaine, portes d\u00e9cor\u00e9es en bois massif, stucs sculpt\u00e9s\u2026<\/div><\/div><\/figcaption><\/figure><div class=\"fg-loader\"><\/div><\/div><\/div>\n<style type=\"text\/css\">\n#foogallery-gallery-279.fg-simple_portfolio { justify-content: center; --fg-gutter: 5px; }\n#foogallery-gallery-279.fg-simple_portfolio .fg-item { flex-basis: 250px; }<\/style>\n\t\t\t<div class=\"foogallery foogallery-container foogallery-simple_portfolio foogallery-lightbox-none fg-simple_portfolio fg-ready fg-light fg-border-thin fg-shadow-outline fg-loading-default fg-loaded-fade-in fg-c-j fg-caption-always\" id=\"foogallery-gallery-279\" data-foogallery=\"{&quot;item&quot;:{&quot;showCaptionTitle&quot;:true,&quot;showCaptionDescription&quot;:true},&quot;lazy&quot;:true}\" style=\"--fg-title-line-clamp: 0; --fg-description-line-clamp: 0;\" >\n\t<div class=\"fg-item fg-type-image fg-idle\"><figure class=\"fg-item-inner\"><a data-caption-title=\"Confort moderne\" data-caption-desc=\"Riad traditionnel certes, mais on en oublie pas pour autant notre confort moderne : Acc\u00e8s wifi dans toute la maison, TV satellite, portable local fourni pour vos appels locaux. Air conditionn\u00e9 r\u00e9versible dans les chambres (climatisation en \u00e9t\u00e9, chauffage en hiver)\" data-attachment-id=\"281\" class=\"foogallery-thumb fg-thumb\" data-type=\"image\"><span class=\"fg-image-wrap\"><img decoding=\"async\" title=\"Confort moderne\" class=\"bf-img skip-lazy fg-image\" height=\"200\" width=\"250\" data-src-fg=\"https:\/\/riadabadi.com\/wp-content\/uploads\/cache\/2024\/12\/00\/3374575683.jpg\" src=\"data:image\/svg+xml,%3Csvg%20xmlns%3D%22http%3A%2F%2Fwww.w3.org%2F2000%2Fsvg%22%20width%3D%22250%22%20height%3D%22200%22%20viewBox%3D%220%200%20250%20200%22%3E%3C%2Fsvg%3E\" loading=\"eager\"><\/span><span class=\"fg-image-overlay\"><\/span><\/a><figcaption class=\"fg-caption\"><div class=\"fg-caption-inner\"><div class=\"fg-caption-title\">Confort moderne<\/div><div class=\"fg-caption-desc\">Riad traditionnel certes, mais on en oublie pas pour autant notre confort moderne : Acc\u00e8s wifi dans toute la maison, TV satellite, portable local fourni pour vos appels locaux. Air conditionn\u00e9 r\u00e9versible dans les chambres (climatisation en \u00e9t\u00e9, chauffage en hiver)<\/div><\/div><\/figcaption><\/figure><div class=\"fg-loader\"><\/div><\/div><div class=\"fg-item fg-type-image fg-idle\"><figure class=\"fg-item-inner\"><a data-caption-title=\"Une vue panoramique\" data-caption-desc=\"La terrasse tout en haut du Riad, \u00e0 l\u2019abris des regards, dispose d\u2019un solarium, une douche, une table pour d\u00e9guster un tagine fumant avec une vue exceptionnelle sur la m\u00e9dina et les tombeaux des M\u00e9rinides. Une cuisine d\u2019\u00e9t\u00e9 et un salon d\u2019hiver avec une chemin\u00e9e y sont accol\u00e9s pour pouvoir en profiter toute l\u2019ann\u00e9e.\" data-attachment-id=\"282\" class=\"foogallery-thumb fg-thumb\" data-type=\"image\"><span class=\"fg-image-wrap\"><img decoding=\"async\" title=\"Une vue panoramique\" class=\"bf-img skip-lazy fg-image\" height=\"200\" width=\"250\" data-src-fg=\"https:\/\/riadabadi.com\/wp-content\/uploads\/cache\/2024\/12\/65903f2a_original1\/317879460.jpg\" src=\"data:image\/svg+xml,%3Csvg%20xmlns%3D%22http%3A%2F%2Fwww.w3.org%2F2000%2Fsvg%22%20width%3D%22250%22%20height%3D%22200%22%20viewBox%3D%220%200%20250%20200%22%3E%3C%2Fsvg%3E\" loading=\"eager\"><\/span><span class=\"fg-image-overlay\"><\/span><\/a><figcaption class=\"fg-caption\"><div class=\"fg-caption-inner\"><div class=\"fg-caption-title\">Une vue panoramique<\/div><div class=\"fg-caption-desc\">La terrasse tout en haut du Riad, \u00e0 l\u2019abris des regards, dispose d\u2019un solarium, une douche, une table pour d\u00e9guster un tagine fumant avec une vue exceptionnelle sur la m\u00e9dina et les tombeaux des M\u00e9rinides. Une cuisine d\u2019\u00e9t\u00e9 et un salon d\u2019hiver avec une chemin\u00e9e y sont accol\u00e9s pour pouvoir en profiter toute l\u2019ann\u00e9e.<\/div><\/div><\/figcaption><\/figure><div class=\"fg-loader\"><\/div><\/div><div class=\"fg-item fg-type-image fg-idle\"><figure class=\"fg-item-inner\"><a data-caption-title=\"A votre service\" data-caption-desc=\"Notre perle, Fatima, gouvernante du Riad, est \u00e0 votre disposition pour vous aider \u00e0 pr\u00e9parer votre journ\u00e9e: excursions, conseils sur les circuits dans la medina, guides officiels, spa &amp;amp; hammams, golf, piscines, randonn\u00e9es etc\u2026. Elle s\u2019occupera de votre petit d\u00e9jeuner et peut vous pr\u00e9parer sur demande le d\u00eener, selon vos go\u00fbts.\" data-attachment-id=\"283\" class=\"foogallery-thumb fg-thumb\" data-type=\"image\"><span class=\"fg-image-wrap\"><img decoding=\"async\" title=\"A votre service\" class=\"bf-img skip-lazy fg-image\" height=\"200\" width=\"250\" data-src-fg=\"https:\/\/riadabadi.com\/wp-content\/uploads\/cache\/2024\/12\/a815d1b8_original1\/1764684356.jpg\" src=\"data:image\/svg+xml,%3Csvg%20xmlns%3D%22http%3A%2F%2Fwww.w3.org%2F2000%2Fsvg%22%20width%3D%22250%22%20height%3D%22200%22%20viewBox%3D%220%200%20250%20200%22%3E%3C%2Fsvg%3E\" loading=\"eager\"><\/span><span class=\"fg-image-overlay\"><\/span><\/a><figcaption class=\"fg-caption\"><div class=\"fg-caption-inner\"><div class=\"fg-caption-title\">A votre service<\/div><div class=\"fg-caption-desc\">Notre perle, Fatima, gouvernante du Riad, est \u00e0 votre disposition pour vous aider \u00e0 pr\u00e9parer votre journ\u00e9e: excursions, conseils sur les circuits dans la medina, guides officiels, spa &amp; hammams, golf, piscines, randonn\u00e9es etc\u2026. Elle s\u2019occupera de votre petit d\u00e9jeuner et peut vous pr\u00e9parer sur demande le d\u00eener, selon vos go\u00fbts.<\/div><\/div><\/figcaption><\/figure><div class=\"fg-loader\"><\/div><\/div><\/div>\n<p>&nbsp;<\/p>\n\r\n\r\n\r\n<ul class=\"wp-block-social-links aligncenter has-icon-color is-style-logos-only is-content-justification-center is-layout-flex wp-container-core-social-links-is-layout-fe48e5de wp-block-social-links-is-layout-flex\"><li style=\"color:#2d3142;\" class=\"wp-social-link wp-social-link-instagram has-headings-color wp-block-social-link\"><a rel=\"noopener nofollow\" target=\"_blank\" href=\"https:\/\/www.instagram.com\/riad.abadi.fes\/profilecard\/?igsh=eGQ4Y3Y0bW9mdWM5\" class=\"wp-block-social-link-anchor\"><svg width=\"24\" height=\"24\" viewBox=\"0 0 24 24\" version=\"1.1\" xmlns=\"http:\/\/www.w3.org\/2000\/svg\" aria-hidden=\"true\" focusable=\"false\"><path d=\"M12,4.622c2.403,0,2.688,0.009,3.637,0.052c0.877,0.04,1.354,0.187,1.671,0.31c0.42,0.163,0.72,0.358,1.035,0.673 c0.315,0.315,0.51,0.615,0.673,1.035c0.123,0.317,0.27,0.794,0.31,1.671c0.043,0.949,0.052,1.234,0.052,3.637 s-0.009,2.688-0.052,3.637c-0.04,0.877-0.187,1.354-0.31,1.671c-0.163,0.42-0.358,0.72-0.673,1.035 c-0.315,0.315-0.615,0.51-1.035,0.673c-0.317,0.123-0.794,0.27-1.671,0.31c-0.949,0.043-1.233,0.052-3.637,0.052 s-2.688-0.009-3.637-0.052c-0.877-0.04-1.354-0.187-1.671-0.31c-0.42-0.163-0.72-0.358-1.035-0.673 c-0.315-0.315-0.51-0.615-0.673-1.035c-0.123-0.317-0.27-0.794-0.31-1.671C4.631,14.688,4.622,14.403,4.622,12 s0.009-2.688,0.052-3.637c0.04-0.877,0.187-1.354,0.31-1.671c0.163-0.42,0.358-0.72,0.673-1.035 c0.315-0.315,0.615-0.51,1.035-0.673c0.317-0.123,0.794-0.27,1.671-0.31C9.312,4.631,9.597,4.622,12,4.622 M12,3 C9.556,3,9.249,3.01,8.289,3.054C7.331,3.098,6.677,3.25,6.105,3.472C5.513,3.702,5.011,4.01,4.511,4.511 c-0.5,0.5-0.808,1.002-1.038,1.594C3.25,6.677,3.098,7.331,3.054,8.289C3.01,9.249,3,9.556,3,12c0,2.444,0.01,2.751,0.054,3.711 c0.044,0.958,0.196,1.612,0.418,2.185c0.23,0.592,0.538,1.094,1.038,1.594c0.5,0.5,1.002,0.808,1.594,1.038 c0.572,0.222,1.227,0.375,2.185,0.418C9.249,20.99,9.556,21,12,21s2.751-0.01,3.711-0.054c0.958-0.044,1.612-0.196,2.185-0.418 c0.592-0.23,1.094-0.538,1.594-1.038c0.5-0.5,0.808-1.002,1.038-1.594c0.222-0.572,0.375-1.227,0.418-2.185 C20.99,14.751,21,14.444,21,12s-0.01-2.751-0.054-3.711c-0.044-0.958-0.196-1.612-0.418-2.185c-0.23-0.592-0.538-1.094-1.038-1.594 c-0.5-0.5-1.002-0.808-1.594-1.038c-0.572-0.222-1.227-0.375-2.185-0.418C14.751,3.01,14.444,3,12,3L12,3z M12,7.378 c-2.552,0-4.622,2.069-4.622,4.622S9.448,16.622,12,16.622s4.622-2.069,4.622-4.622S14.552,7.378,12,7.378z M12,15 c-1.657,0-3-1.343-3-3s1.343-3,3-3s3,1.343,3,3S13.657,15,12,15z M16.804,6.116c-0.596,0-1.08,0.484-1.08,1.08 s0.484,1.08,1.08,1.08c0.596,0,1.08-0.484,1.08-1.08S17.401,6.116,16.804,6.116z\"><\/path><\/svg><span class=\"wp-block-social-link-label screen-reader-text\">Instagram<\/span><\/a><\/li>\r\n\r\n<li style=\"color:#2d3142;\" class=\"wp-social-link wp-social-link-whatsapp has-headings-color wp-block-social-link\"><a rel=\"noopener nofollow\" target=\"_blank\" href=\"https:\/\/wa.me\/message\/C4HPKVOB2Y6KJ1\" class=\"wp-block-social-link-anchor\"><svg width=\"24\" height=\"24\" viewBox=\"0 0 24 24\" version=\"1.1\" xmlns=\"http:\/\/www.w3.org\/2000\/svg\" aria-hidden=\"true\" focusable=\"false\"><path d=\"M 12.011719 2 C 6.5057187 2 2.0234844 6.478375 2.0214844 11.984375 C 2.0204844 13.744375 2.4814687 15.462563 3.3554688 16.976562 L 2 22 L 7.2324219 20.763672 C 8.6914219 21.559672 10.333859 21.977516 12.005859 21.978516 L 12.009766 21.978516 C 17.514766 21.978516 21.995047 17.499141 21.998047 11.994141 C 22.000047 9.3251406 20.962172 6.8157344 19.076172 4.9277344 C 17.190172 3.0407344 14.683719 2.001 12.011719 2 z M 12.009766 4 C 14.145766 4.001 16.153109 4.8337969 17.662109 6.3417969 C 19.171109 7.8517969 20.000047 9.8581875 19.998047 11.992188 C 19.996047 16.396187 16.413812 19.978516 12.007812 19.978516 C 10.674812 19.977516 9.3544062 19.642812 8.1914062 19.007812 L 7.5175781 18.640625 L 6.7734375 18.816406 L 4.8046875 19.28125 L 5.2851562 17.496094 L 5.5019531 16.695312 L 5.0878906 15.976562 C 4.3898906 14.768562 4.0204844 13.387375 4.0214844 11.984375 C 4.0234844 7.582375 7.6067656 4 12.009766 4 z M 8.4765625 7.375 C 8.3095625 7.375 8.0395469 7.4375 7.8105469 7.6875 C 7.5815469 7.9365 6.9355469 8.5395781 6.9355469 9.7675781 C 6.9355469 10.995578 7.8300781 12.182609 7.9550781 12.349609 C 8.0790781 12.515609 9.68175 15.115234 12.21875 16.115234 C 14.32675 16.946234 14.754891 16.782234 15.212891 16.740234 C 15.670891 16.699234 16.690438 16.137687 16.898438 15.554688 C 17.106437 14.971687 17.106922 14.470187 17.044922 14.367188 C 16.982922 14.263188 16.816406 14.201172 16.566406 14.076172 C 16.317406 13.951172 15.090328 13.348625 14.861328 13.265625 C 14.632328 13.182625 14.464828 13.140625 14.298828 13.390625 C 14.132828 13.640625 13.655766 14.201187 13.509766 14.367188 C 13.363766 14.534188 13.21875 14.556641 12.96875 14.431641 C 12.71875 14.305641 11.914938 14.041406 10.960938 13.191406 C 10.218937 12.530406 9.7182656 11.714844 9.5722656 11.464844 C 9.4272656 11.215844 9.5585938 11.079078 9.6835938 10.955078 C 9.7955938 10.843078 9.9316406 10.663578 10.056641 10.517578 C 10.180641 10.371578 10.223641 10.267562 10.306641 10.101562 C 10.389641 9.9355625 10.347156 9.7890625 10.285156 9.6640625 C 10.223156 9.5390625 9.737625 8.3065 9.515625 7.8125 C 9.328625 7.3975 9.131125 7.3878594 8.953125 7.3808594 C 8.808125 7.3748594 8.6425625 7.375 8.4765625 7.375 z\"><\/path><\/svg><span class=\"wp-block-social-link-label screen-reader-text\">WhatsApp<\/span><\/a><\/li>\r\n\r\n<li style=\"color:#2d3142;\" class=\"wp-social-link wp-social-link-mail has-headings-color wp-block-social-link\"><a rel=\"noopener nofollow\" target=\"_blank\" href=\"mailto:i&#110;&#102;o&#064;r&#105;ad&#097;&#098;&#097;&#100;i&#046;c&#111;&#109;\" class=\"wp-block-social-link-anchor\"><svg width=\"24\" height=\"24\" viewBox=\"0 0 24 24\" version=\"1.1\" xmlns=\"http:\/\/www.w3.org\/2000\/svg\" aria-hidden=\"true\" focusable=\"false\"><path d=\"M19,5H5c-1.1,0-2,.9-2,2v10c0,1.1.9,2,2,2h14c1.1,0,2-.9,2-2V7c0-1.1-.9-2-2-2zm.5,12c0,.3-.2.5-.5.5H5c-.3,0-.5-.2-.5-.5V9.8l7.5,5.6,7.5-5.6V17zm0-9.1L12,13.6,4.5,7.9V7c0-.3.2-.5.5-.5h14c.3,0,.5.2.5.5v.9z\"><\/path><\/svg><span class=\"wp-block-social-link-label screen-reader-text\">Mail<\/span><\/a><\/li><\/ul>\r\n","protected":false},"excerpt":{"rendered":"<p>Un Riad authentique reserv\u00e9 juste pour vous !Vivez l\u2019exp\u00e9rience de la m\u00e9dina de F\u00e8s &nbsp; D\u00e9couvrez notre riad de 500 &hellip;<\/p>\n","protected":false},"author":1,"featured_media":0,"parent":0,"menu_order":0,"comment_status":"closed","ping_status":"closed","template":"","meta":{"_crdt_document":"","_themeisle_gutenberg_block_has_review":false,"footnotes":""},"class_list":["post-220","page","type-page","status-publish","hentry"],"_links":{"self":[{"href":"https:\/\/riadabadi.com\/index.php\/wp-json\/wp\/v2\/pages\/220","targetHints":{"allow":["GET"]}}],"collection":[{"href":"https:\/\/riadabadi.com\/index.php\/wp-json\/wp\/v2\/pages"}],"about":[{"href":"https:\/\/riadabadi.com\/index.php\/wp-json\/wp\/v2\/types\/page"}],"author":[{"embeddable":true,"href":"https:\/\/riadabadi.com\/index.php\/wp-json\/wp\/v2\/users\/1"}],"replies":[{"embeddable":true,"href":"https:\/\/riadabadi.com\/index.php\/wp-json\/wp\/v2\/comments?post=220"}],"version-history":[{"count":13,"href":"https:\/\/riadabadi.com\/index.php\/wp-json\/wp\/v2\/pages\/220\/revisions"}],"predecessor-version":[{"id":397,"href":"https:\/\/riadabadi.com\/index.php\/wp-json\/wp\/v2\/pages\/220\/revisions\/397"}],"wp:attachment":[{"href":"https:\/\/riadabadi.com\/index.php\/wp-json\/wp\/v2\/media?parent=220"}],"curies":[{"name":"wp","href":"https:\/\/api.w.org\/{rel}","templated":true}]}}