{"id":650,"date":"2026-02-27T10:21:25","date_gmt":"2026-02-27T09:21:25","guid":{"rendered":"https:\/\/riadabadi.com\/?page_id=650"},"modified":"2026-02-27T13:01:21","modified_gmt":"2026-02-27T12:01:21","slug":"le-secret-dabadi","status":"publish","type":"page","link":"https:\/\/riadabadi.com\/index.php\/le-secret-dabadi\/","title":{"rendered":"Le secret d&#8217;Abadi"},"content":{"rendered":"<h1 style=\"text-align: center;\" data-start=\"51\" data-end=\"73\">\ud83c\udf3f Le Secret d\u2019Abadi<\/h1>\n<p style=\"text-align: center;\" data-start=\"75\" data-end=\"154\">Certains visiteurs voient un riad.<br data-start=\"109\" data-end=\"112\" \/>D\u2019autres per\u00e7oivent une maison ancienne.<\/p>\n<p style=\"text-align: center;\" data-start=\"156\" data-end=\"203\">Mais les plus attentifs d\u00e9couvrent autre chose.<\/p>\n<p style=\"text-align: center;\" data-start=\"205\" data-end=\"346\">\u00c0 Riad Abadi, rien n\u2019est plac\u00e9 au hasard.<br data-start=\"246\" data-end=\"249\" \/>Chaque motif, chaque objet, chaque lumi\u00e8re raconte une histoire.<br data-start=\"313\" data-end=\"316\" \/>Encore faut-il savoir la lire.<\/p>\n<p style=\"text-align: center;\" data-start=\"348\" data-end=\"483\">Nous vous invitons \u00e0 parcourir la maison autrement.<br data-start=\"399\" data-end=\"402\" \/>\u00c0 lever les yeux.<br data-start=\"419\" data-end=\"422\" \/>\u00c0 observer les d\u00e9tails.<br data-start=\"445\" data-end=\"448\" \/>\u00c0 compter ce que d\u2019autres ignorent.<\/p>\n<hr data-start=\"485\" data-end=\"488\" \/>\n<h2 style=\"text-align: center;\" data-start=\"490\" data-end=\"516\">\ud83d\udddd Comment participer ?<\/h2>\n<p style=\"text-align: center;\">\u00c0 chaque \u00e9tape, une \u00e9nigme vous guidera vers une pi\u00e8ce du riad.<\/p>\n<p style=\"text-align: center;\">Observez attentivement et trouvez la r\u00e9ponse demand\u00e9e.<\/p>\n<p style=\"text-align: center;\">Si votre r\u00e9ponse est correcte, une <strong data-start=\"682\" data-end=\"700\">lettre secr\u00e8te<\/strong> vous sera r\u00e9v\u00e9l\u00e9e.<\/p>\n<p style=\"text-align: center;\">Conservez soigneusement chaque lettre.<\/p>\n<p style=\"text-align: center;\">Lorsque vous les aurez toutes r\u00e9unies,<br data-start=\"802\" data-end=\"805\" \/>elles formeront un mot.<\/p>\n<p style=\"text-align: center;\" data-start=\"830\" data-end=\"892\">Un mot que seuls les observateurs patients pourront d\u00e9couvrir.<\/p>\n<hr data-start=\"894\" data-end=\"897\" \/>\n<h2 style=\"text-align: center;\" data-start=\"899\" data-end=\"918\">\ud83c\udf81 La r\u00e9compense<\/h2>\n<p style=\"text-align: center;\" data-start=\"920\" data-end=\"995\">Murmurez ce mot \u00e0 notre \u00e9quipe<br data-start=\"950\" data-end=\"953\" \/>et recevez <strong data-start=\"964\" data-end=\"994\">le Th\u00e9 des Initi\u00e9s d\u2019Abadi<\/strong>.<\/p>\n<p style=\"text-align: center;\" data-start=\"997\" data-end=\"1062\">Un privil\u00e8ge r\u00e9serv\u00e9 \u00e0 celles et ceux<br data-start=\"1034\" data-end=\"1037\" \/>qui savent lire les murs.<\/p>\n<hr data-start=\"1064\" data-end=\"1067\" \/>\n<p style=\"text-align: center;\" data-start=\"1069\" data-end=\"1130\">Prenez votre temps.<br data-start=\"1088\" data-end=\"1091\" \/>Ne cherchez pas vite. Cherchez juste.<\/p>\n<p style=\"text-align: center;\" data-start=\"1132\" data-end=\"1178\">Le secret d\u2019Abadi ne se d\u00e9voile pas \u00e0 la h\u00e2te.<\/p>\n<div style=\"text-align: center; margin: 30px 0;\"><a style=\"display: inline-flex; align-items: center; \/* centre verticalement *\/ justify-content: center; \/* centre horizontalement *\/ background-color: #000000; \/* fond noir *\/ color: #ffffff; \/* texte blanc *\/ font-size: 20px; font-weight: bold; padding: 15px 40px; border-radius: 12px; text-decoration: none; transition: all 0.3s ease; box-shadow: 0 4px 8px rgba(0,0,0,0.2);\" href=\"https:\/\/forms.gle\/qKpnHQ9abRQ357bN8\">\u2728 C&#8217;est parti !<br \/>\n<\/a><\/div>\n<p>&nbsp;<\/p>\n","protected":false},"excerpt":{"rendered":"<p>\ud83c\udf3f Le Secret d\u2019Abadi Certains visiteurs voient un riad.D\u2019autres per\u00e7oivent une maison ancienne. Mais les plus attentifs d\u00e9couvrent autre chose. &hellip;<\/p>\n","protected":false},"author":1,"featured_media":0,"parent":0,"menu_order":0,"comment_status":"closed","ping_status":"closed","template":"","meta":{"_crdt_document":"","_themeisle_gutenberg_block_has_review":false,"footnotes":""},"class_list":["post-650","page","type-page","status-publish","hentry"],"_links":{"self":[{"href":"https:\/\/riadabadi.com\/index.php\/wp-json\/wp\/v2\/pages\/650","targetHints":{"allow":["GET"]}}],"collection":[{"href":"https:\/\/riadabadi.com\/index.php\/wp-json\/wp\/v2\/pages"}],"about":[{"href":"https:\/\/riadabadi.com\/index.php\/wp-json\/wp\/v2\/types\/page"}],"author":[{"embeddable":true,"href":"https:\/\/riadabadi.com\/index.php\/wp-json\/wp\/v2\/users\/1"}],"replies":[{"embeddable":true,"href":"https:\/\/riadabadi.com\/index.php\/wp-json\/wp\/v2\/comments?post=650"}],"version-history":[{"count":5,"href":"https:\/\/riadabadi.com\/index.php\/wp-json\/wp\/v2\/pages\/650\/revisions"}],"predecessor-version":[{"id":652,"href":"https:\/\/riadabadi.com\/index.php\/wp-json\/wp\/v2\/pages\/650\/revisions\/652"}],"wp:attachment":[{"href":"https:\/\/riadabadi.com\/index.php\/wp-json\/wp\/v2\/media?parent=650"}],"curies":[{"name":"wp","href":"https:\/\/api.w.org\/{rel}","templated":true}]}}